when 31755 is divided by 881.
39
What is the remainder when 1664194 is divided by 18491?
4
Calculate the remainder when 61139629 is divided by 2547484.
13
What is the remainder when 104579 is divided by 17111?
1913
What is the remainder when 130484 is divided by 65176?
132
Calculate the remainder when 1348033 is divided by 1105.
1038
Calculate the remainder when 13743330 is divided by 12597.
3
Calculate the remainder when 104936 is divided by 51630.
1676
What is the remainder when 1334225 is divided by 850?
575
Calculate the remainder when 37212 is divided by 8795.
2032
What is the remainder when 65814 is divided by 940?
14
What is the remainder when 69011 is divided by 4598?
41
What is the remainder when 2323317 is divided by 426?
339
What is the remainder when 6316191 is divided by 3158088?
15
What is the remainder when 1180518 is divided by 2683?
2681
What is the remainder when 3171591 is divided by 9193?
6
Calculate the remainder when 93899 is divided by 93846.
53
What is the remainder when 269307 is divided by 11699?
230
What is the remainder when 168597 is divided by 161732?
6865
What is the remainder when 11637759 is divided by 3388?
3367
Calculate the remainder when 77259424 is divided by 57.
28
What is the remainder when 7661633 is divided by 50076?
5
Calculate the remainder when 20232672 is divided by 949.
941
What is the remainder when 52830 is divided by 25552?
1726
Calculate the remainder when 25351 is divided by 1160.
991
Calculate the remainder when 193269 is divided by 3649.
3521
Calculate the remainder when 11454403 is divided by 157.
154
Calculate the remainder when 2038374 is divided by 508874.
2878
Calculate the remainder when 322855 is divided by 320.
295
Calculate the remainder when 507431381 is divided by 35.
16
What is the remainder when 373600 is divided by 17?
8
Calculate the remainder when 44072639 is divided by 62.
1
Calculate the remainder when 64165 is divided by 124.
57
Calculate the remainder when 546518 is divided by 28758.
116
What is the remainder when 6274206 is divided by 3137102?
2
What is the remainder when 532283 is divided by 874?
17
What is the remainder when 3338519 is divided by 139104?
23
Calculate the remainder when 13087570 is divided by 1020.
970
Calculate the remainder when 113221758 is divided by 608.
606
Calculate the remainder when 6551137 is divided by 6.
1
Calculate the remainder when 306332 is divided by 10210.
32
What is the remainder when 372021 is divided by 370712?
1309
Calculate the remainder when 149608 is divided by 8771.
501
Calculate the remainder when 24353561 is divided by 283.
279
Calculate the remainder when 82404 is divided by 759.
432
Calculate the remainder when 316143 is divided by 157123.
1897
Calculate the remainder when 142017148 is divided by 907.
902
Calculate the remainder when 26305097 is divided by 2181.
56
What is the remainder when 84036442 is divided by 16807287?
7
What is the remainder when 1413986 is divided by 706983?
20
What is the remainder when 93403033 is divided by 261?
7
Calculate the remainder when 33854 is divided by 6721.
249
What is the remainder when 15574308 is divided by 2224901?
1
Calculate the remainder when 408817 is divided by 2532.
1165
Calculate the remainder when 29450500 is divided by 10194.
34
Calculate the remainder when 1292204 is divided by 12419.
628
Calculate the remainder when 42463162 is divided by 321.
319
What is the remainder when 5416108 is divided by 18485?
3
Calculate the remainder when 100677 is divided by 4212.
3801
Calculate the remainder when 54827997 is divided by 1500.
1497
Calculate the remainder when 4841287 is divided by 103006.
5
Calculate the remainder when 348246 is divided by 613.
62
What is the remainder when 1067587 is divided by 355750?
337
What is the remainder when 9212390 is divided by 12218?
18
Calculate the remainder when 2682721 is divided by 191616.
97
What is the remainder when 257446 is divided by 2681?
70
What is the remainder when 65983 is divided by 2621?
458
What is the remainder when 1769672 is divided by 857?
824
Calculate the remainder when 2262 is divided by 983.
296
Calculate the remainder when 94226 is divided by 934.
826
What is the remainder when 308042 is divided by 7002?
6956
What is the remainder when 2148544 is divided by 785?
784
What is the remainder when 59898 is divided by 1502?
1320
Calculate the remainder when 145754 is divided by 361.
271
Calculate the remainder when 804637 is divided by 435.
322
What is the remainder when 1443204 is divided by 960?
324
Calculate the remainder when 424864 is divided by 95.
24
What is the remainder when 37154 is divided by 31468?
5686
What is the remainder when 20063 is divided by 1520?
303
What is the remainder when 85274 is divided by 729?
710
What is the remainder when 7820 is divided by 3901?
18
Calculate the remainder when 406892 is divided by 40673.
162
What is the remainder when 193393 is divided by 1801?
686
Calculate the remainder when 82887 is divided by 22.
13
Calculate the remainder when 10565996 is divided by 10565973.
23
What is the remainder when 8929 is divided by 973?
172
Calculate the remainder when 4819769 is divided by 43.
28
Calculate the remainder when 5172759 is divided by 1724249.
12
Calculate the remainder when 1534025 is divided by 1069.
10
What is the remainder when 1391080 is divided by 278208?
40
What is the remainder when 414782998 is divided by 255?
253
Calculate the remainder when 8334591 is divided by 1744.
15
Calculate the remainder when 206600 is divided by 5483.
3729
What is the remainder when 9570921 is divided by 332?
25
What is the remainder when 8466379 is divided by 19?
17
Calculate the remainder when 1007676 is divided by 207.
0
Calculate the remainder when 153562 is divided by 223.
138
What is the remainder when 734268 is divided by 1586?
1536
What is the remainder when 33696 is divided by 11085?
441
Calculate the remainder when 292098061 is divided by 1591.
7
What is the remainder when 2172656 is divided by 51726?
164
What is the remainder when 24832627 is divided by 139?
138
What is the remainder when 73769 is divided by 18442?
1
What is the remainder when 43742443 is divided by 49?
45
What is the remainder when 1926 is divided by 141?
93
Calculate the remainder when 7485606 is divided by 22.
18
What is the remainder when 1097261406 is divided by 134?
128
Calculate the remainder when 3539737 is divided by 244.
29
What is the remainder when 43505986 is divided by 2914?
2880
Calculate the remainder when 3802966 is divided by 231.
13
Calculate the remainder when 88718713 is divided by 4.
1
Calculate the remainder when 2678040 is divided by 1339017.
6
Calculate the remainder when 126104 is divided by 15754.
72
What is the remainder when 591717 is divided by 457?
359
Calculate the remainder when 759604 is divided by 74.
68
What is the remainder when 136711 is divided by 136691?
20
Calculate the remainder when 2961902 is divided by 190.
182
Calculate the remainder when 15747389 is divided by 18.
17
What is the remainder when 4235967 is divided by 1058965?
107
Calculate the remainder when 13666 is divided by 10997.
2669
What is the remainder when 133221802 is divided by 101541?
10
What is the remainder when 4486046 is divided by 291?
281
Calculate the remainder when 116720865 is divided by 148689.
0
Calculate the remainder when 9523141 is divided by 63.
61
What is the remainder when 2837631 is divided by 34?
25
Calculate the remainder when 1946639 is divided by 72097.
20
Calculate the remainder when 1244742 is divided by 414664.
750
Calculate the remainder when 19230952 is divided by 505.
47
Calculate the remainder when 6230347 is divided by 778792.
11
Calculate the remainder when 1931575 is divided by 275908.
219
Calculate the remainder when 581845 is divided by 54.
49
What is the remainder when 5061214 is divided by 2708?
2670
What is the remainder when 298173 is divided by 6208?
189
Calculate the remainder when 81121 is divided by 26450.
1771
Calculate the remainder when 449975 is divided by 112491.
11
Calculate the remainder when 406186 is divided by 406111.
75
What is the remainder when 6187635 is divided by 764?
763
Calculate the remainder when 83960992 is divided by 282.
4
What is the remainder w